{"id":11,"date":"2019-11-20T16:47:27","date_gmt":"2019-11-20T15:47:27","guid":{"rendered":"http:\/\/vincentavenelhypnose.com\/?page_id=11"},"modified":"2025-11-27T17:09:37","modified_gmt":"2025-11-27T16:09:37","slug":"contact","status":"publish","type":"page","link":"https:\/\/vincentavenelhypnose.com\/index.php\/contact\/","title":{"rendered":"Me contacter"},"content":{"rendered":"\n<p class=\"has-text-color\" style=\"color:#000000\"><em>Lorsque je suis en accompagnement, je ne peux r\u00e9pondre au t\u00e9l\u00e9phone. Alors n&rsquo;h\u00e9sitez pas \u00e0 me laisser un message avec vos coordonn\u00e9es et le motif de votre appel<\/em>,<em> afin que je puisse vous recontacter rapidement.<\/em><\/p>\n\n\n\n<h4 class=\"wp-block-heading\"><strong>Consultations du lundi (9h &#8211; 20h) au samedi<\/strong> <strong>(9h &#8211; 13h)<\/strong><\/h4>\n\n\n\n<div class=\"wp-block-group\"><div class=\"wp-block-group__inner-container is-layout-flow wp-block-group-is-layout-flow\">\n<div class=\"wp-block-group\"><div class=\"wp-block-group__inner-container is-layout-flow wp-block-group-is-layout-flow\">\n<ul class=\"wp-block-list\">\n<li>65 avenue de la Verrerie &#8211; 35300 Foug\u00e8res <\/li>\n\n\n\n<li>consultation \u00e0 domicile en cas d&rsquo;impossibilit\u00e9 de d\u00e9placement <br><em>(majoration de 10 \u20ac si plus de 5 kilom\u00e8tres hors Foug\u00e8res)<\/em><\/li>\n\n\n\n<li>possibilit\u00e9 de consultation en visio (Skype, Whatsapp, Zoom, Messenger) <\/li>\n\n\n\n<li>r\u00e8glement en esp\u00e8ces, par ch\u00e8que, par CB ou par envoi de lien s\u00e9curis\u00e9 (via SumUp)<\/li>\n<\/ul>\n\n\n\n<p><\/p>\n<\/div><\/div>\n<\/div><\/div>\n\n\n\n<p><strong>Pour m&rsquo;appeler<\/strong><\/p>\n\n\n\n<p> <a href=\"tel:+33649660583\" target=\"_blank\" rel=\"noreferrer noopener\" aria-label=\"\u260e  06.49.66.05.83 (s\u2019ouvre dans un nouvel onglet)\">\u260e  06.49.66.05.83<\/a><\/p>\n\n\n\n<h4 class=\"wp-block-heading\"><strong>Pour m&rsquo;\u00e9crire<\/strong><\/h4>\n\n\n\n<p><strong><a href=\"mailto:vincent-hypnose@sfr.fr\">vincent-hypnose@sfr.fr<\/a><\/strong><\/p>\n","protected":false},"excerpt":{"rendered":"<p>Lorsque je suis en accompagnement, je ne peux r\u00e9pondre au t\u00e9l\u00e9phone. Alors n&rsquo;h\u00e9sitez pas \u00e0 me laisser un message avec vos coordonn\u00e9es et le motif de votre appel, afin que je puisse vous recontacter rapidement. Consultations du lundi (9h &#8211; 20h) au samedi (9h &#8211; 13h) Pour m&rsquo;appeler \u260e 06.49.66.05.83 Pour m&rsquo;\u00e9crire vincent-hypnose@sfr.fr<\/p>\n","protected":false},"author":1,"featured_media":0,"parent":0,"menu_order":0,"comment_status":"closed","ping_status":"closed","template":"","meta":{"_editorskit_title_hidden":false,"_editorskit_reading_time":0,"_editorskit_is_block_options_detached":false,"_editorskit_block_options_position":"{}","footnotes":""},"class_list":["post-11","page","type-page","status-publish","hentry"],"_links":{"self":[{"href":"https:\/\/vincentavenelhypnose.com\/index.php\/wp-json\/wp\/v2\/pages\/11","targetHints":{"allow":["GET"]}}],"collection":[{"href":"https:\/\/vincentavenelhypnose.com\/index.php\/wp-json\/wp\/v2\/pages"}],"about":[{"href":"https:\/\/vincentavenelhypnose.com\/index.php\/wp-json\/wp\/v2\/types\/page"}],"author":[{"embeddable":true,"href":"https:\/\/vincentavenelhypnose.com\/index.php\/wp-json\/wp\/v2\/users\/1"}],"replies":[{"embeddable":true,"href":"https:\/\/vincentavenelhypnose.com\/index.php\/wp-json\/wp\/v2\/comments?post=11"}],"version-history":[{"count":82,"href":"https:\/\/vincentavenelhypnose.com\/index.php\/wp-json\/wp\/v2\/pages\/11\/revisions"}],"predecessor-version":[{"id":987,"href":"https:\/\/vincentavenelhypnose.com\/index.php\/wp-json\/wp\/v2\/pages\/11\/revisions\/987"}],"wp:attachment":[{"href":"https:\/\/vincentavenelhypnose.com\/index.php\/wp-json\/wp\/v2\/media?parent=11"}],"curies":[{"name":"wp","href":"https:\/\/api.w.org\/{rel}","templated":true}]}}